git of 1910812872?
7
What is the millions digit of 64333200?
4
What is the hundred thousands digit of 812827719?
8
What is the tens digit of 119606677?
7
What is the billions digit of 8043566386?
8
What is the tens digit of 3280585556?
5
What is the ten thousands digit of 33498278?
9
What is the ten millions digit of 1801066097?
0
What is the millions digit of 9042603080?
2
What is the hundred thousands digit of 3559552848?
5
What is the hundreds digit of 1453518?
5
What is the units digit of 18995154?
4
What is the hundred thousands digit of 326901302?
9
What is the hundreds digit of 14466167?
1
What is the ten thousands digit of 243243451?
4
What is the hundreds digit of 3150659555?
5
What is the hundreds digit of 123556968?
9
What is the ten millions digit of 1811123918?
1
What is the ten millions digit of 38373720?
3
What is the millions digit of 5490919414?
0
What is the ten thousands digit of 3983503528?
0
What is the thousands digit of 172269032?
9
What is the hundreds digit of 669865898?
8
What is the units digit of 2304187827?
7
What is the millions digit of 148921050?
8
What is the billions digit of 7956896422?
7
What is the hundred thousands digit of 4338184981?
1
What is the millions digit of 12307656?
2
What is the units digit of 1405664971?
1
What is the hundred thousands digit of 122969598?
9
What is the units digit of 204079049?
9
What is the thousands digit of 114606581?
6
What is the units digit of 48747134?
4
What is the hundreds digit of 8476197?
1
What is the thousands digit of 78369834?
9
What is the millions digit of 2560231644?
0
What is the ten thousands digit of 79137531?
3
What is the hundreds digit of 2207547267?
2
What is the tens digit of 66502175?
7
What is the tens digit of 1148641948?
4
What is the millions digit of 70663076?
0
What is the ten millions digit of 266843475?
6
What is the tens digit of 349814560?
6
What is the billions digit of 2518442411?
2
What is the billions digit of 2173076891?
2
What is the tens digit of 48098571?
7
What is the millions digit of 93338220?
3
What is the ten millions digit of 408347676?
0
What is the ten thousands digit of 62946305?
4
What is the hundred thousands digit of 56623246?
6
What is the hundreds digit of 5622744074?
0
What is the thousands digit of 36879461?
9
What is the millions digit of 223982294?
3
What is the ten millions digit of 37197884?
3
What is the ten millions digit of 786391980?
8
What is the hundred thousands digit of 1419443592?
4
What is the millions digit of 95773490?
5
What is the hundred millions digit of 1523624214?
5
What is the ten thousands digit of 110994757?
9
What is the ten millions digit of 141609892?
4
What is the thousands digit of 484563126?
3
What is the millions digit of 78151548?
8
What is the ten millions digit of 25141140?
2
What is the hundred millions digit of 5420598857?
4
What is the millions digit of 80942793?
0
What is the ten millions digit of 39388214?
3
What is the millions digit of 3356962426?
6
What is the thousands digit of 53521582?
1
What is the hundred millions digit of 352445599?
3
What is the ten thousands digit of 32052843?
5
What is the units digit of 173666923?
3
What is the hundred millions digit of 171172797?
1
What is the ten thousands digit of 31794822?
9
What is the billions digit of 1469371293?
1
What is the millions digit of 51299612?
1
What is the units digit of 61541562?
2
What is the millions digit of 63195530?
3
What is the billions digit of 4337447926?
4
What is the hundred thousands digit of 489733897?
7
What is the hundred thousands digit of 504392303?
3
What is the ten thousands digit of 163737381?
3
What is the thousands digit of 1062436564?
6
What is the ten thousands digit of 12345603?
4
What is the ten thousands digit of 186505614?
0
What is the hundred thousands digit of 1563347186?
3
What is the hundred thousands digit of 384673291?
6
What is the ten thousands digit of 51755666?
5
What is the hundreds digit of 6789339?
3
What is the ten millions digit of 1017320562?
1
What is the hundred thousands digit of 17434372?
4
What is the hundreds digit of 77066089?
0
What is the ten thousands digit of 3628296259?
9
What is the hundred thousands digit of 164490416?
4
What is the hundred millions digit of 682804904?
6
What is the tens digit of 838561435?
3
What is the hundreds digit of 90589505?
5
What is the tens digit of 101469548?
4
What is the tens digit of 954474395?
9
What is the tens digit of 161914436?
3
What is the units digit of 13784593?
3
What is the thousands digit of 97362935?
2
What is the tens digit of 32350784?
8
What is the ten millions digit of 51250631?
5
What is the ten millions digit of 1518178398?
1
What is the millions digit of 39384470?
9
What is the tens digit of 135970166?
6
What is the thousands digit of 86934296?
4
What is the thousands digit of 336088657?
8
What is the ten millions digit of 549106871?
4
What is the units digit of 80541128?
8
What is the hundreds digit of 87916637?
6
What is the thousands digit of 232863055?
3
What is the tens digit of 93798249?
4
What is the ten millions digit of 610554592?
1
What is the thousands digit of 1057864012?
4
What is the millions digit of 399824163?
9
What is the hundred thousands digit of 134931879?
9
What is the thousands digit of 44673364?
3
What is the millions digit of 149182975?
9
What is the hundred millions digit of 470647695?
4
What is the tens digit of 2700498390?
9
What is the hundreds digit of 110517855?
8
What is the hundreds digit of 144148837?
8
What is the hundreds digit of 25236511?
5
What is the units digit of 2046735021?
1
What is the thousands digit of 23831237?
1
What is the hundred thousands digit of 53085008?
0
What is the thousands digit of 35253125?
3
What is the hundreds digit of 72597847?
8
What is the thousands digit of 1049906?
9
What is the thousands digit of 78997269?
7
What is the units digit of 11955850?
0
What is the thousands digit of 875509743?
9
What is the hundreds digit of 415848370?
3
What is the ten thousands digit of 27368070?
6
What is the ten millions digit of 37845033?
3
What is the tens digit of 2275275354?
5
What is the units digit of 4784191363?
3
What is the ten thousands digit of 52387795?
8
What is the thousands digit of 106419933?
9
What is the ten millions digit of 11748684?
1
What is the billions digit of 7156241202?
7
What is the tens digit of 15237546?
4
What is the hundreds digit of 410228868?
8
What is the ten thousands digit of 285779838?
7
What is the ten millions digit of 412723171?
1
What is the thousands digit of 2854987891?
7
What is the units digit of 23641979?
9
What is the thousands digit of 118051242?
1
What is the units digit of 28672853?
3
What is the hundred millions digit of 2542833046?
5
What is the thousands digit of 58599039?
9
What is the hundred thousands digit of 359011072?
0
What is the tens digit of 82437940?
4
What is the ten millions digit of 28563120?
2
What is the millions digit of 472565960?
2
What is the thousands digit of 112383198?
3
What is the hundreds digit of 6900360844?
8
What is the hundred thousands digit of 2825811079?
8
What is the thousands digit of 155186309?
6
What is the ten thousands digit of 207513625?
1
What is the hundred thousands digit of 54014814?
0
What is the hundreds digit of 527897150?
1
What is the units digit of 149632900?
0
What is the hundred thousands digit of 750885981?
8
What is the units digit of 75243529?
9
What is the hundred millions digit of 295578435?
2
What is the tens digit of 444434127?
2
What is the millions digit of 202130294?
2
What is the ten thousands digit of 1014965750?
6
What is the hundred thousands digit of 3378525393?
5
What is the millions digit of 438996361?
8
What is the units digit of 2206869108?
8
What is the units digit of 1290440616?
6
What is the tens digit of 2556347299?
9
What is the millions digit of 4044880926?
4
What is the hundreds digit of 128318204?
2
What is the units digit of 291212889?
9
What is the millions digit of 1751645839?
1
What is the millions digit of 663331908?
3
What is the ten millions digit of 1894720259?
9
What is the ten millions digit of 91475147?
9
What is the hundred millions digit of 1270686041?
2
What is the ten thousands digit of 39238977?
3
What 